21.
10
Let w(c) = c - 2. Let a be w(-13). Let l = -10 - a. Calculate the remainder when 11 is divided by l.
1
Let r(o) = o**3 + 11*o**2 - 44*o - 1. Calculate the remainder when 690 is divided by r(4).
60
Let r = 55 + -28. What is the remainder when 134 is divided by r?
26
Let k be ((-6)/15)/((-1)/40). Let x = k - 11. Suppose x*y = 5*m - 22 + 72, -5 = -m. Calculate the remainder when 28 is divided by y.
13
Suppose 53*a - 102*a = -60*a + 44. Let p = 6 - -4. Calculate the remainder when p is divided by a.
2
Let h(i) = -3*i**2 + 93*i + 34. What is the remainder when 711 is divided by h(31)?
31
Suppose 0 = -0*d - d - 14. Let o = 34 + d. Suppose -6*k + o = -4*k. Calculate the remainder when 27 is divided by k.
7
Suppose -2*q - 13 = -x, -2*q + q + 25 = x. What is the remainder when 46 is divided by x?
4
Let k(z) = z**3 - 2*z**2 - 3*z - 3. Suppose 4*l = 4*t - 24, -t - 4*l - 1 = 3. Calculate the remainder when 65 is divided by k(t).
14
Let j(f) = -2*f + 3. Calculate the remainder when 62 is divided by j(-1).
2
Let j be (-1)/(4/64*-2). Suppose -3*m + 3*p = -63, -5*p - j - 13 = -m. Suppose 5*i = 3*i + 22. What is the remainder when m is divided by i?
10
Let d(t) = -t + 7. What is the remainder when 7/(350/(-5)) + (-1773)/(-30) is divided by d(-5)?
11
Let r be 3 - 111/39 - (-4412)/52. Suppose 0 = d - 0*d + 3*q - 13, r = 5*d - 5*q. Let g(w) = w**2 - 2*w + 5. What is the remainder when g(6) is divided by d?
13
Let h(b) = -b**3 + 6*b**2 - 2*b + 1. Let o be (2 + 0)/((-4)/(-6)). Calculate the remainder when 83 is divided by h(o).
17
Let r = 185 - 357. Let j = 259 + r. Suppose -d - 3*f + f = -14, -3*d + f + 70 = 0. What is the remainder when j is divided by d?
21
Let v(s) be the second derivative of -37*s**5/10 + s**4/12 + s**3/6 - 3*s - 5. Let x be (1 - 2) + (-2 - -2). Calculate the remainder when v(x) is divided by 25.
24
Suppose 0 = -n - 2*n - 99. Suppose 5 = -g - 0*g, d - 26 = -3*g. Calculate the remainder when d is divided by (n/(-4))/(39/104).
19
Suppose 6*k - 106 + 58 = 0. Suppose 5*v = 5*o - 70, -4*o - k*v + 47 = -3*v. Suppose 2*s - 96 + 20 = 0. Calculate the remainder when s is divided by o.
12
Suppose -1 = -6*p + 11. Suppose -3*f + f + 30 = -2*q, 0 = -5*f + p*q + 72. Calculate the remainder when 40 is divided by f.
12
Let k = -7 + 3. Let t be (10/(-2) - k) + 5. Suppose 62 = t*a - 2*c, 4*a - 2*c = 2*a + 32. What is the remainder when 58 is divided by a?
13
Suppose 389*t + 19344 = 397*t. What is the remainder when t is divided by 20?
18
Let n(i) = 10*i - 19. Let l(x) = -21*x + 39. Let q(f) = 6*l(f) + 13*n(f). Let y(r) = 2*r**2 + 8. What is the remainder when y(-7) is divided by q(10)?
25
Suppose 42*f - 365 = 37*f. What is the remainder when 289 is divided by f?
70
Let q be 6*((-40)/(-3) - 1). Suppose 4*b = -k + q, -4*k = -13*b + 8*b - 233. Calculate the remainder when k is divided by 16.
14
Calculate the remainder when (2/4 + (-231)/(-110))*155 is divided by 29.
26
Suppose -d + 4 = 0, 0 = -2*x - 3*d + 2 + 56. Calculate the remainder when 77 is divided by x.
8
Suppose 4*t = -k + 32, -5*k - t + 3*t + 116 = 0. What is the remainder when k is divided by 9?
6
Suppose 2*g - 7*g = 0. Suppose -n + 33 + 26 = g. Suppose 3*j - p = 2*j + 9, -j + 5*p = 3. Calculate the remainder when n is divided by j.
11
Let z be (-2)/6 - (-4)/12. Suppose 0*l - 14 = -2*l. Calculate the remainder when l is divided by z - ((-12)/2)/2.
1
Let a = -61 + 52. Let j(p) = -p + 5. What is the remainder when 39 is divided by j(a)?
11
Suppose -264 = -15*r + 4*r. Let c(i) = 6*i**2 + 4*i + 3. Calculate the remainder when c(-3) is divided by r.
21
Let z(r) = -6*r**3 - 4*r**2 - 3*r - 1. Let c = -127 + 137. Calculate the remainder when z(-2) is divided by c.
7
Suppose -3*w - q + 33 = 2*q, 0 = 5*w + q - 43. What is the remainder when (-2)/(-10) + (-9)/(-5) is divided by (-45)/(-55) - w/(-44)?
0
Let j(c) = 24*c - 2. Calculate the remainder when j(6) is divided by 66.
10
Suppose -3*z - 661 = -2*r, -2*r + 4*z = -263 - 393. Calculate the remainder when r is divided by 57.
53
Let m(g) = -g**2 - 13*g + 15. What is the remainder when 0 + 185 + 1*(-7 + 6) is divided by m(-11)?
36
Suppose -2*a + 5 = -a. Suppose 2*i = 2*w + 505 - 501, 2*w - 4*i + 20 = 0. Calculate the remainder when w is divided by a.
1
Suppose 15 = w - 6*w. Let l be (-4)/(-6)*w/(-2). Suppose 3*q + l = 16. What is the remainder when q is divided by 2?
1
Let n be 1/(5 - (-905)/(-180)). Calculate the remainder when 17 is divided by 1/(-4)*(8 + n).
3
Suppose -3*p = 41 - 554. What is the remainder when p is divided by 4?
3
Suppose 28*i - 133 - 7 = 0. Suppose -5*v = 3*u - 204, 5*u - 47 - 85 = -3*v. What is the remainder when v is divided by i?
4
Let t(w) = -9*w + 3. Let q be ((-6)/9)/((-12)/18). Let o be t(q). What is the remainder when (-2)/((o/(-51))/(-1)) is divided by 9?
8
Suppose -8*h - 96 = -11*h. What is the remainder when 191 is divided by h?
31
Suppose 4 = -5*c + 129. Suppose -w + p - c + 218 = 0, -3*w + 584 = 2*p. Calculate the remainder when w is divided by 39.
38
Calculate the remainder when (36/(-36))/(1 - (-109)/(-108)) is divided by 28.
24
Let t(h) = 108*h + 23. Calculate the remainder when 345 is divided by t(0).
0
Let q(g) be the first derivative of 7*g**2/2 - g - 2. Let c(j) = 3*j - 9. Calculate the remainder when c(20) is divided by q(2).
12
Suppose 0*j = -10*j - 220. Let s = 72 + j. What is the remainder when s is divided by 26?
24
Let o be 6/(((-12)/9)/(-4)). Suppose 3*i - 18 = -d, -i + o = d + i. What is the remainder when 3/12 - (-203)/4 is divided by d?
15
Suppose 4*w = 3*m - 85, 83*m - 78*m - 5*w - 140 = 0. Calculate the remainder when 97 is divided by m.
16
Let u = 16 + -5. Suppose -2*m - 4*v = -26, 0 = -3*m + 4*v - 1223 + 1252. What is the remainder when u is divided by m?
0
Let c(s) = -8*s**2 - 4*s + 5. Suppose p + d - 8 = -1, p + 5*d - 27 = 0. Let t be c(p). Calculate the remainder when 50 is divided by (-10)/t - (-178)/14.
11
Let c be 1/1*(-1 + 3). Suppose 3*h + z - 37 = 0, -11 = -c*h - z + 14. What is the remainder when 22 is divided by h?
10
What is the remainder when (10 + -17)/((-1)/5) is divided by 8?
3
Suppose 0 = -5*c + 3*b + 130 + 317, -c = 3*b - 75. Calculate the remainder when c is divided by 15.
12
Suppose 3*j - 2*w = -j - 52, 0 = -2*j - 5*w - 38. Let a = 41 + j. Calculate the remainder when 53 is divided by a.
26
Let p be ((-1)/(1/(-7)))/1. Let d(o) = -2 + 4 - 19*o - p - 5. What is the remainder when d(-3) is divided by 17?
13
Let c be 100/7 - 2/7. Suppose 7 = 3*g - c. What is the remainder when 0 + -4 + 4 + 12 is divided by g?
5
Let x(g) = g**3 + 20. Calculate the remainder when x(5) is divided by 22.
13
Suppose 7*i - 3*i = 8. Suppose 0 = -3*g + 3*y + 42, 4*y + 33 = -3*g + 117. What is the remainder when (-156)/(-2) - (1 - i) is divided by g?
19
Let m(f) = -3*f**3 - 3*f**2 - 2*f. Let j be 3 + 21 + 3/1. Suppose j = 2*o + o. Calculate the remainder when o is divided by m(-1).
1
Let w be (-8)/6*33/22. Calculate the remainder when 94 is divided by (6 + -4)/(w/(-32)).
30
Suppose -5*q - 4*t = 5, -4*q + 3 = 2*t + 1. Suppose -q*m = 4*z + m - 84, -4*z = -2*m - 60. Let b = 41 - z. What is the remainder when 71 is divided by b?
23
Let m = -74 - -108. Let p = 78 - m. Calculate the remainder when p is divided by 17.
10
Let m(l) = -2*l + 2. Let s be m(-2). Suppose -s*f - 88 = -10*f. What is the remainder when 41 is divided by f?
19
Let w(r) = 4*r + 1. What is the remainder when 324 is divided by w(16)?
64
Suppose 5 + 15 = -5*z, -5*m = -3*z - 232. Calculate the remainder when 84 is divided by m.
40
Suppose -23 = -2*b + 5. Let d(u) = -5*u + 31. Let q be d(6). Suppose 0 = -k + b + q. What is the remainder when 29 is divided by k?
14
Let a(k) = 2*k**2 - 28 - 3*k**2 - 3 + 9 - 13*k. What is the remainder when 46 is divided by a(-10)?
6
Let j be (-8)/4*36/(-8). Let t = -3 + j. Calculate the remainder when t is divided by 1.
0
Suppose 0 = 22*u - 11*u - 715. Calculate the remainder when 389 is divided by u.
64
Let p = 267 + -196. What is the remainder when 214 is divided by p?
1
Let v be 30/2*(-4)/6. Let b = -37 - -65. What is the remainder when b is divided by (-12)/(-5)*v/(-4)?
4
Let z(y) = -y**3 - 2*y**2 + 2*y + 5. Let j be (-1 - 3) + (-3 - -4). Let m(f) = -f**2 - 11*f + 3. What is the remainder when m(-10) is divided b